{"id":210,"date":"2011-01-31T11:59:21","date_gmt":"2011-01-31T11:59:21","guid":{"rendered":"http:\/\/drgregor.at\/\/index.php\/"},"modified":"2014-02-12T19:40:28","modified_gmt":"2014-02-12T19:40:28","slug":"zuweiserinformation","status":"publish","type":"page","link":"https:\/\/www.drgregor.at\/index.php\/zuweiserinformation\/","title":{"rendered":"Zuweiserinformation"},"content":{"rendered":"<p><strong>Sehr geehrte Kollegin, Sehr geehrter Kollege,<\/strong><\/p>\n<p>ich \u00fcbernehme f\u00fcr Sie gerne schwierige Parodontitisf\u00e4lle und plastische Parodontalchirugie.<\/p>\n<p>Vertrauen und Kommunikation sind in der Zusammenarbeit die wichtigsten Faktoren.<\/p>\n<p>Einmal pro Jahr veranstalte ich f\u00fcr meine Zuweiser ein Update in Parodontologie.<\/p>\n<p>Ich stehe Ihnen gerne unter <a href=\"mailto:%20rene.gregor@inode.at\">rene.gregor@inode.at<\/a> f\u00fcr weitere Informationen und Ausk\u00fcnfte zur Verf\u00fcgung.<\/p>\n<p>Herzliche Gr\u00fc\u00dfe<\/p>\n<p>Ren\u00e9 Gregor<\/p>\n","protected":false},"excerpt":{"rendered":"<p>Sehr geehrte Kollegin, Sehr geehrter Kollege, ich \u00fcbernehme f\u00fcr Sie gerne schwierige Parodontitisf\u00e4lle und plastische Parodontalchirugie. Vertrauen und Kommunikation sind in der Zusammenarbeit die wichtigsten Faktoren. Einmal pro Jahr veranstalte ich f\u00fcr meine Zuweiser ein Update in Parodontologie. Ich stehe Ihnen gerne unter rene.gregor@inode.at f\u00fcr weitere Informationen und Ausk\u00fcnfte zur Verf\u00fcgung. Herzliche Gr\u00fc\u00dfe Ren\u00e9 Gregor<\/p>\n","protected":false},"author":4,"featured_media":0,"parent":0,"menu_order":8,"comment_status":"closed","ping_status":"closed","template":"zuweiserinformation.php","meta":{"footnotes":""},"_links":{"self":[{"href":"https:\/\/www.drgregor.at\/index.php\/wp-json\/wp\/v2\/pages\/210"}],"collection":[{"href":"https:\/\/www.drgregor.at\/index.php\/wp-json\/wp\/v2\/pages"}],"about":[{"href":"https:\/\/www.drgregor.at\/index.php\/wp-json\/wp\/v2\/types\/page"}],"author":[{"embeddable":true,"href":"https:\/\/www.drgregor.at\/index.php\/wp-json\/wp\/v2\/users\/4"}],"replies":[{"embeddable":true,"href":"https:\/\/www.drgregor.at\/index.php\/wp-json\/wp\/v2\/comments?post=210"}],"version-history":[{"count":12,"href":"https:\/\/www.drgregor.at\/index.php\/wp-json\/wp\/v2\/pages\/210\/revisions"}],"predecessor-version":[{"id":212,"href":"https:\/\/www.drgregor.at\/index.php\/wp-json\/wp\/v2\/pages\/210\/revisions\/212"}],"wp:attachment":[{"href":"https:\/\/www.drgregor.at\/index.php\/wp-json\/wp\/v2\/media?parent=210"}],"curies":[{"name":"wp","href":"https:\/\/api.w.org\/{rel}","templated":true}]}}